472?
1
What is the units digit of 9948?
8
What is the hundreds digit of 23257?
2
What is the units digit of 1408?
8
What is the hundreds digit of 2409?
4
What is the thousands digit of 1192?
1
What is the ten thousands digit of 22539?
2
What is the units digit of 1015?
5
What is the thousands digit of 33073?
3
What is the tens digit of 39068?
6
What is the tens digit of 30?
3
What is the units digit of 3359?
9
What is the units digit of 348?
8
What is the ten thousands digit of 51196?
5
What is the units digit of 27057?
7
What is the ten thousands digit of 13821?
1
What is the hundreds digit of 522?
5
What is the tens digit of 351?
5
What is the thousands digit of 5213?
5
What is the units digit of 337?
7
What is the tens digit of 7232?
3
What is the units digit of 47868?
8
What is the hundreds digit of 325?
3
What is the hundreds digit of 586?
5
What is the tens digit of 8115?
1
What is the ten thousands digit of 132906?
3
What is the units digit of 37?
7
What is the units digit of 124?
4
What is the tens digit of 11620?
2
What is the units digit of 22?
2
What is the hundreds digit of 2927?
9
What is the thousands digit of 3924?
3
What is the units digit of 967?
7
What is the hundreds digit of 180815?
8
What is the thousands digit of 1852?
1
What is the thousands digit of 6614?
6
What is the units digit of 7520?
0
What is the hundreds digit of 17329?
3
What is the tens digit of 1210?
1
What is the tens digit of 28779?
7
What is the thousands digit of 1097?
1
What is the hundreds digit of 77600?
6
What is the units digit of 57344?
4
What is the thousands digit of 11769?
1
What is the tens digit of 1867?
6
What is the thousands digit of 2768?
2
What is the units digit of 64835?
5
What is the thousands digit of 9472?
9
What is the thousands digit of 1011?
1
What is the hundreds digit of 1793?
7
What is the thousands digit of 5489?
5
What is the hundreds digit of 29472?
4
What is the thousands digit of 5637?
5
What is the thousands digit of 1214?
1
What is the units digit of 2400?
0
What is the tens digit of 8903?
0
What is the hundreds digit of 2269?
2
What is the hundreds digit of 4094?
0
What is the units digit of 3019?
9
What is the hundreds digit of 3031?
0
What is the thousands digit of 5142?
5
What is the tens digit of 355?
5
What is the tens digit of 8476?
7
What is the hundreds digit of 2755?
7
What is the tens digit of 555?
5
What is the hundreds digit of 939?
9
What is the tens digit of 100924?
2
What is the hundreds digit of 82028?
0
What is the units digit of 468?
8
What is the thousands digit of 1285?
1
What is the tens digit of 58466?
6
What is the tens digit of 651?
5
What is the units digit of 356?
6
What is the hundreds digit of 2855?
8
What is the thousands digit of 2263?
2
What is the tens digit of 2687?
8
What is the tens digit of 601?
0
What is the units digit of 1370?
0
What is the tens digit of 1168?
6
What is the tens digit of 184?
8
What is the ten thousands digit of 79004?
7
What is the hundreds digit of 32343?
3
What is the units digit of 98?
8
What is the tens digit of 2968?
6
What is the hundreds digit of 8435?
4
What is the thousands digit of 1122?
1
What is the tens digit of 34456?
5
What is the hundreds digit of 3015?
0
What is the tens digit of 5703?
0
What is the units digit of 13889?
9
What is the units digit of 10?
0
What is the units digit of 738?
8
What is the units digit of 40?
0
What is the units digit of 27159?
9
What is the units digit of 9?
9
What is the thousands digit of 9079?
9
What is the units digit of 4290?
0
What is the hundreds digit of 5180?
1
What is the thousands digit of 1368?
1
What is the thousands digit of 2031?
2
What is the tens digit of 2577?
7
What is the tens digit of 906?
0
What is the units digit of 40037?
7
What is the hundreds digit of 19876?
8
What is the thousands digit of 6561?
6
What is the hundreds digit of 371?
3
What is the hundreds digit of 635?
6
What is the ten thousands digit of 13589?
1
What is the tens digit of 565?
6
What is the tens digit of 23457?
5
What is the hundreds digit of 185?
1
What is the thousands digit of 5941?
5
What is the ten thousands digit of 34430?
3
What is the thousands digit of 28994?
8
What is the tens digit of 674?
7
What is the units digit of 1123?
3
What is the units digit of 44506?
6
What is the thousands digit of 66157?
6
What is the hundreds digit of 2466?
4
What is the hundreds digit of 24135?
1
What is the tens digit of 32?
3
What is the hundreds digit of 847?
8
What is the hundreds digit of 1080?
0
What is the tens digit of 63?
6
What is the hundreds digit of 1795?
7
What is the units digit of 6735?
5
What is the thousands digit of 6458?
6
What is the ten thousands digit of 12829?
1
What is the hundreds digit of 64923?
9
What is the units digit of 21116?
6
What is the hundreds digit of 1265?
2
What is the tens digit of 936?
3
What is the hundreds digit of 17746?
7
What is the hundreds digit of 1011?
0
What is the hundreds digit of 6284?
2
What is the units digit of 1032?
2
What is the tens digit of 2567?
6
What is the hundreds digit of 1233?
2
What is the thousands digit of 8848?
8
What is the units digit of 1061?
1
What is the units digit of 49867?
7
What is the hundreds digit of 668?
6
What is the hundreds digit of 552?
5
What is the thousands digit of 6768?
6
What is the hundreds digit of 6121?
1
What is the units digit of 1784?
4
What is the hundred thousands digit of 124944?
1
What is the tens digit of 101411?
1
What is the thousands digit of 7879?
7
What is the thousands digit of 59614?
9
What is the hundreds digit of 904?
9
What is the hundreds digit of 10215?
2
What is the tens digit of 30102?
0
What is the hundreds digit of 56526?
5
What is the units digit of 51464?
4
What is the tens digit of 14175?
7
What is the tens digit of 455?
5
What is the hundreds digit of 14350?
3
What is the hundreds digit of 9803?
8
What is the tens digit of 22984?
8
What is the thousands digit of 1207?
1
What is the hundreds digit of 3683?
6
What is the thousands digit of 77469?
7
What is the thousands digit of 1969?
1
What is the thousands digit of 3171?
3
What is the hundreds digit of 8581?
5
What is the thousands digit of 44629?
4
What is the tens digit of 5484?
8
What is the tens digit of 7186?
8
What is the hundreds digit of 159?
1
What is the hundred thousands digit of 101675?
1
What is the hundred thousands digit of 143756?
1
What is the units digit of 24748?
8
What is the hundreds digit of 131880?
8
What is the tens digit of 6934?
3
What is the units digit of 126514?
4
What is the units digit of 25636?
6
What is the tens digit of 24201?
0
What is the thousands digit of 19549?
9
What is the thousands digit of 28175?
8
What is the thousands digit of 122568?
2
What is the thousands digit of 23390?
3
What is the thousands digit of 10200?
0
What is the thousands digit of 2787?
2
What is the tens digit of 22717?
1
What is the tens digit of 2887?
8
What is the thousands digit of 52379?
2
What is the ten thousands digit of 14440?
1
What is the tens digit of 1565?
6
What is the thousands digit of 7567?
7
What is the thousands digit of 3222?
3
What is the units digit of 61?
1
What is the thousands digit of 1824?
1
What is the tens digit of 23672?
7
What is the hundreds digit of 13821?
8
What is the ten thousands digit of 13924?
1
What is the units digit of 15345?
5
What is the ten thousands digit of 14160?
1
What is the units digit of 20729?
9
What is the hundreds digit of 8746?
7
What is the tens digit of 16445?
4
What is the thousands digit of 33896?
3
What is the units digit of 11554?
4
What is the hundreds digit of 751?
7
What is the hundreds digit of 1345?
3
What is the units digit of 14723?
3
What is the thousands digit of 7394?
7
What is the tens digit of 4528?
2
What is the units digit of 782?
2
What is the tens digit of 157230?
3
What is the units digit of 4536?
6
What is the tens digit of 38258?
5
What is the tens digit of 53861?
6
What is the thousands digit of 3020?
3
What is the thousands digit of 4269?
4
What is the units digit of 140564?
4
What is the tens digit of 2773?
7
What is the tens digit of 2406?
0
What is the tens digit of 2228?
2
What is the thousands digit of 5331?
5
What is the hundred thousands digit of 115823?
1
Wha